0, -5*f - 13 + o = 5*s. What is the tens digit of f?
1
Suppose 0 - 4 = -2*v. Suppose 2*a = -0 - 8, -84 = -v*l - 5*a. What is the units digit of l?
2
Let k be (-6 - -5)*(-393)/1. Suppose -k = -5*b - 98. What is the tens digit of b?
5
Suppose 2770 = 5*d - 5*r, 3*d = 4*r + 1320 + 344. What is the hundreds digit of d?
5
What is the tens digit of (4 - 5) + 433*(-2 - -3)?
3
Suppose -4*j = -4*p - 677 - 1643, p - 2345 = -4*j. What is the hundreds digit of j?
5
Let w(s) = -21*s + 305. What is the units digit of w(-15)?
0
Let b(w) be the first derivative of w**4/4 - 13*w**3/3 + 4*w**2 - 32*w + 8. What is the units digit of b(13)?
2
Suppose 3*u + 138 = 24. What is the tens digit of (u/(-3))/((-3)/(-18))?
7
Suppose 0 = -5*j + 28*j - 5842. What is the units digit of j?
4
Suppose 0 = 7*d - 14. Let z(o) = 15*o**2 - 6*o + 3. What is the tens digit of z(d)?
5
Let i(b) = 13*b**2 + 29*b - 126. What is the tens digit of i(16)?
6
Suppose 1780 = 12*d - 10*d + 5*g, 890 = d + 2*g. What is the hundreds digit of d?
8
Suppose n = -1 - 3. What is the units digit of (n - -3)/(2/(-124))?
2
Let f(w) = 9*w + 5. Let j be f(-5). Let k = 33 - j. Suppose 2*v = -4*d + k - 19, 10 = -5*d. What is the units digit of v?
1
Suppose 0 = 2*a + 10 + 4. Let n(u) = -u**2 - 10*u - 17. Let z be n(a). Suppose 0 = -l - 4*h - 6, -l - 2*h + 6 = z*l. What is the units digit of l?
2
Suppose 14 - 118 = 4*z + 2*h, -4*h - 58 = 2*z. Let x = 15 + z. Let v = x + 11. What is the units digit of v?
1
Let m(z) = 8*z**3 + 3*z**2 - 1. Let h be m(-1). What is the hundreds digit of 2/h - (2527/(-21) - 1)?
1
Suppose -167*m + 664 = -165*m. What is the hundreds digit of m?
3
Let j = -73 + 154. Let b = -23 + j. What is the tens digit of b?
5
Let k be (15/(-20))/(2/8). What is the units digit of (-5)/(15/(-8)) - (-2)/k?
2
Suppose 22*o - 16*o = 23994. What is the hundreds digit of o?
9
Let f be -1 - (-1 + 4 - 9). Suppose 8 = f*v - 2. What is the units digit of 1*(v + (-1 - 0))?
1
Suppose -5*v + 1378 = -6*m + 7*m, v - 2774 = -2*m. What is the thousands digit of m?
1
Suppose -2*l - 576 = 7*l. Let r = -38 - l. What is the units digit of r?
6
Suppose -4*x + 3*r + 79 = -2*x, -4*x + 133 = -r. Let l be (-60)/8*(-352)/110. Let v = x - l. What is the units digit of v?
8
Let b be 0 - -3*(3 + -6). Let c = b + 8. What is the units digit of (39/6)/(c/(-2))?
3
Let v be (5 + -2)/(-9)*-30. Let o = v + -7. Suppose -96 = -5*n + y - 4, o*y = -5*n + 104. What is the tens digit of n?
1
Let h = 458 - -51. What is the units digit of h?
9
Suppose 22*g = 35*g - 4368. What is the hundreds digit of g?
3
Suppose 21*j = 19*j + 8. Suppose -5*f = -4*i - 172, j*f - 5*f = 2*i - 26. What is the tens digit of f?
3
Suppose -3*c = 3*s - 7908, 12*s - 10*s - 2*c - 5288 = 0. What is the thousands digit of s?
2
What is the tens digit of (-2013)/(-9) + 12/(-18)?
2
Let u = -43 - -27. Let p = -6 - u. Suppose 6*o + 16 = p*o. What is the units digit of o?
4
Let a(d) = -3*d**2 - 3*d**2 - d**2 + 0*d**3 - d**3 + 4. Let m be a(-7). Suppose 3*c - 69 = -3*b, -m*c + 3*b - 2 + 66 = 0. What is the tens digit of c?
1
Let m = -3 + 37. Suppose 60 = 6*a - 2*a - 2*b, -5*b = -2*a + 46. Suppose -15*d + m = -a*d. What is the units digit of d?
7
Suppose 4*m + m = -2*h + 1439, 6 = 2*m. Suppose 7*k = -k + h. What is the units digit of k?
9
What is the tens digit of (1190/(-21))/((-1)/(-78)*-4)?
0
Suppose -627*y + 620*y + 945 = 0. What is the tens digit of y?
3
Let g(m) = 2*m**2 - 8*m - 5. Let n be g(7). Let s = 135 + n. What is the hundreds digit of s?
1
Suppose 16 = 3*g - i - 3*i, -3*g - 2*i + 28 = 0. Suppose 4*s - g - 8 = 0. Suppose 5*d + s*p = 113, -2*d + p + 39 = -14. What is the units digit of d?
5
Suppose 0 = -110*a + 102*a + 11712. What is the thousands digit of a?
1
Suppose -654 = -8*g + 4306. What is the tens digit of g?
2
Let l(w) = -2*w - 20. Let s be l(-12). What is the units digit of 10184/136 - s/(-34)?
5
Suppose -100 = -7*r + 12*r. Let j = 80 + r. What is the tens digit of j?
6
Suppose 2*q - 11476 = -3*z, -2*z - 2*q + 2599 = -5051. What is the hundreds digit of z?
8
Suppose 0 = -12*b - 34 + 22. What is the units digit of b/(-5) - 6/20*-666?
0
Let z(n) = -6*n. Let u be z(-1). Suppose 3*h + u - 3 = 0. What is the units digit of -5*((-2)/(-2))/h?
5
Let n(q) be the second derivative of q**4/12 + q**3 + 3*q**2 - q - 37. Suppose w = 2*f - 1, -3*w + 4*w - 5*f = 5. What is the units digit of n(w)?
1
Suppose -x + 3*a = 9, 0*x - 2*a + 11 = x. Suppose x*v - 4*h + 240 = 933, 3*v - 2*h = 699. What is the units digit of v?
5
Let q(b) = 5*b - 18. Let m be q(4). Suppose 2*o - 3*l = 119, m*o + 0*l = 4*l + 120. What is the units digit of o?
8
Suppose -5*u + 318 = g - 18, -1560 = -5*g - u. Suppose -3*b + g = 2. What is the tens digit of b?
0
Let i = 1 + 1. Suppose k = 3*g + 212, i*k - 150 - 256 = -3*g. What is the tens digit of k?
0
Suppose 77 = 5*c + 2*x, -2*c + 2*x = 6*x - 34. What is the tens digit of 10/c*(-414)/(-4)?
6
Suppose 3*l - 5*q - 7 = -3*q, 4*l - 24 = -q. Suppose -l*n = -n - 480. Suppose 3*w + 19 = h - 5, 5*h + 5*w = n. What is the units digit of h?
4
Let x be 9/27*(1 - -8). Suppose 5*s = n + x*n - 417, -s = 5*n - 514. What is the tens digit of n?
0
Suppose 0 = 3*d - 5*l - 10, 0*l = 5*l + 10. Suppose f - 54 = 3*g - 2*g, d = 5*f - 4*g - 265. What is the units digit of f?
9
Suppose p + 2520 = 2*z, 6*p - 8*p + 5056 = 4*z. What is the tens digit of z?
6
Let k = 19 - 17. Suppose 21 = -k*t + 347. What is the units digit of t?
3
What is the hundreds digit of 5 + 0 - (-1872 - -3)/7?
2
Suppose 20 = -4*c, -2*h + 5*h - 4*c = 683. What is the tens digit of h?
2
Let t be (-42)/8*120/10. Let m = t - -103. What is the tens digit of m?
4
Suppose 3*o + 2*n = 4*o + 7, 2*o - 26 = -4*n. Suppose -12 = -o*w + 129. What is the units digit of w?
7
Let k(h) = -8*h - 9. Let v = 12 + -9. Let j be (1 + v - 0)/(-1). What is the tens digit of k(j)?
2
Suppose -2*s + 1 = -p - 18, 0 = -5*s. Let a = 18 - p. What is the units digit of a?
7
Suppose b + 83 - 44 = 0. Let o = b + 45. What is the units digit of o?
6
Let u = -62 + 65. Suppose u*c - 762 = 3*o, 2*c - 2*o - 250 = c. What is the tens digit of c?
5
Let p(o) = -5*o**3 - 5*o**2 - 3*o + 5. What is the hundreds digit of p(-4)?
2
Suppose -5*k = 15, -3*k = -4*m + m - 126. What is the tens digit of 666/8 + (m/20)/9?
8
Let w be (-304)/(-14) + 6/21. Let b = w + -10. What is the units digit of (-27)/(-6)*16/b?
6
Let v(u) = 36*u**3 + u + 1. Let z be 2*-2*2/8. Let h be v(z). What is the units digit of h/(-2) - -1*2?
0
Let g = -3002 - -4892. What is the thousands digit of g?
1
Suppose i = 5*k + 10, -5*k = 10 - 5. Suppose -i*a + 515 = -240. What is the tens digit of a?
5
Suppose -5*y - 8*t + 7*t = 1617, 0 = 2*y - 4*t + 638. Let q = -167 - y. What is the tens digit of q?
5
Let j = 57 + -53. Suppose 75 + 5 = j*n. What is the units digit of n?
0
Suppose -y = w - 18 - 84, 0 = -4*w - 8. Suppose -u + y = -4*n + 2*u, 0 = -2*n + 2*u - 54. Let r = 2 - n. What is the units digit of r?
5
Let y = 19 + -10. Let a = -7 + y. Suppose -3*x - 19 = 5*r, a*x = -2*r + r - 1. What is the units digit of x?
2
Suppose 4*j - 5*z = 2*j, 4*z = -j. Suppose -3*d + 8*d - 1655 = j. What is the tens digit of d?
3
Let w be 0 + 3 + 6/(-2) + 4. Let b be (-6)/(-3) + 1 + 0. Suppose x - b*x = 3*u - 94, -w*x - 4*u = -180. What is the tens digit of x?
4
Suppose v = -2*v + 72. Let b(j) = -j + 1. Let k be b(-1). Let x = v - k. What is the units digit of x?
2
Let t(v) = -v**3 + 7*v**2 - 12*v + 8. Let m be t(7). Let p = m + 104. What is the units digit of p?
8
Suppose 0 = 5*z - 4*a - 3066, 1842 = -2*z + 5*z - 3*a. What is the tens digit of z?
1
Let w(k) = k**3 + 8*k**2 - 5*k + 7. Suppose 2*c = -p + 6, -4*p - 8 = -4*c + 28. What is the units digit of w(p)?
1
Suppose 2*u - 3*u = 0. Suppose 4*j - 12 = -u*j. What is the units digit of j/(-15) + 136/5?
7
Suppose -58*k + 48*k = -11440. What is the hundreds digit of k?
1
Let b(c) = -c - 3. Let y be b(2). Let s be (-32)/(-10) + 1/y. Suppose -5*z = -10, -2*l - s*l = -2*z - 21. What is the units digit of l?
5
Suppose 4*y - 817 = 407. What is the hundreds digit of y?
3
Let f = -497 - -1703. What is the tens digit of f?
0
Let u be (1/3)/((-1)/(-15)). Suppose -5*k = -f - 2*k + 7, -3*f = u*k + 35. Let n(b) = -b + 1. What is the units digit of n(f)?
6
Let a = 26 + -23. 